dreds digit of b?
5
Suppose -82 = 3*n - 4*o, 1 = 5*o - 19. Let v be 5746/65 - 4/10. Let y = v + n. What is the tens digit of y?
6
Let p(d) be the third derivative of d**4/6 - d**3/3 - 18*d**2. Let q be p(2). Let y = 23 - q. What is the tens digit of y?
1
Let b = 267330 + -171588. What is the ten thousands digit of b?
9
Let q = 533 + 173. Suppose g - 3*g + q = 2*x, 4*g = 2*x + 1400. What is the units digit of g?
1
Let q(k) = -116*k**2 + k + 1. Let w be q(-1). Let u = 77 + -153. Let n = u - w. What is the units digit of n?
0
Let h be (4 + (-88)/16)/((-3)/3140). Suppose -26*j = -h - 4410. What is the tens digit of j?
3
What is the tens digit of (371 + -122)*(7 - -2)?
4
What is the tens digit of 23521/3 - 6/(-1)*(-42)/189?
3
Let d(i) = 8399*i**2 - 3*i. What is the tens digit of d(1)?
9
Suppose -15*p + 10*p - 5*w + 11885 = 0, 4*p + 3*w - 9511 = 0. Suppose -p = -0*y - 2*y. What is the hundreds digit of y?
1
Suppose -l - 10*l = -29877 - 34000. What is the tens digit of l?
0
Let i = -6206 + 17415. What is the hundreds digit of i?
2
Suppose 0 = 106*w - 117*w + 86284. What is the units digit of w?
4
Let k(c) = -16*c + 29. Let n be k(4). What is the units digit of (-5609)/(-7) + (8 - (-290)/n)?
1
What is the hundreds digit of (-20)/(-10)*(-1098840)/(-35) + (-36)/42?
7
Suppose -3*d + 276 = 75. Let g = -62 + d. Suppose 5*r + 3*v - 739 - 202 = 0, 2*r = -g*v + 384. What is the units digit of r?
7
Let l = 49 + -40. Let y be (-54)/((2/8)/((-6)/l)). Let n = 236 - y. What is the tens digit of n?
9
Let v(h) = -2*h**3 - 147*h**2 + 18*h - 509. What is the ten thousands digit of v(-77)?
3
Suppose -4*z + 3*o + 18 = -3*z, -o - 76 = -5*z. Suppose z*q - 11441 = -3521. What is the hundreds digit of q?
5
Let s(l) = l**2 - 3*l + 1. Let q be s(4). Suppose -3*c - 9 = -4*r - q, -r - 4*c + 20 = 0. What is the units digit of (-2)/((r/10)/((-398)/10))?
9
Let p(x) = 14*x**2 - 247*x - 2301. What is the thousands digit of p(-9)?
1
Let s = 21383 + -6035. What is the tens digit of s?
4
Let w = 1 - -23. Suppose w*l + 25 = 19*l. What is the units digit of (192/(-15))/(1/l)?
4
Let r = -72 + 72. Suppose -5*m + 241 + 3354 = r. What is the hundreds digit of m?
7
Let w = -6558 + 18103. What is the hundreds digit of w?
5
Let r(n) = 49*n**2 + 84*n + 514. What is the thousands digit of r(-26)?
1
Suppose 30*r + 785 = b + 32*r, -5*r = 3*b - 2355. What is the units digit of b?
5
Let l = -46136 - -64600. What is the thousands digit of l?
8
Suppose -9*v + 2309 = 293. Suppose 5*p = o + 555 + v, 5*p + 2*o = 767. What is the hundreds digit of p?
1
Let w(t) = -48*t - 26. Let v = 149 - 156. What is the tens digit of w(v)?
1
Let x be (-2)/(-11) + (-21798)/(-22). Suppose -f - 678 = g - 3*g, -3*g = 5*f - x. What is the hundreds digit of g?
3
Let x = 41 - 39. Suppose 0 = w + 2, w - 332 = -x*f + 3*w. Suppose -f = -7*q + 5*q. What is the tens digit of q?
8
Let f(v) = -v**3 - 8*v**2 - v - 34. Let m be f(-7). Let b = 95 + m. What is the units digit of b?
9
Suppose -d = 4*q + 5, -7 + 2 = -5*d - 5*q. Suppose -7*v = -d*v - 840. Suppose -a = 2*a - 4*l - v, -a + 83 = 3*l. What is the units digit of a?
4
Let w be -3*(-1)/3*(-7 + 9). Suppose -4*g + 16 = -4*b, 3*g + w*b + 3 = -0. What is the units digit of (-3 + 6)/9*(g - -578)?
3
Let q(v) be the second derivative of 25*v**3/6 - 9*v**2 + 3*v. Suppose -4*w + u + 14 = 0, 0 = -4*u - 6 - 2. What is the units digit of q(w)?
7
Let d(j) = -226*j**3 - 5*j**2 + 87*j + 382. What is the tens digit of d(-4)?
1
Let f be ((-8)/(-4) - 1) + 1. Suppose -4*m - f*m = -114. Let u = 98 - m. What is the units digit of u?
9
Let k(q) = -q**3 + 10*q**2 - 8*q - 2. Let r be k(9). Suppose 5*s - 2*f + r*f - 490 = 0, 310 = 3*s - f. Let a = s - 53. What is the units digit of a?
9
Suppose 24*u = -292239 + 847660 + 236891. What is the hundreds digit of u?
0
Let d be (-4)/(-1*2)*(-28)/8. Let w be 4/(-7) + (-25)/d. Suppose -2*s - 178 = -2*j, w*s + 0*s = j - 93. What is the units digit of j?
7
Let u be 1/(-7)*2*1*-7. Suppose u*y - y - 201 = 0. Suppose y = 7*w - 149. What is the units digit of w?
0
Suppose 210042 = 10*n - 68958. What is the ten thousands digit of n?
2
Let y(t) = -2*t**3 - 16*t**2 - 12*t - 16. Let s = -99 - -89. Let z be y(s). Suppose -q = -8*q + z. What is the tens digit of q?
7
Suppose -2*r - 3110 = -i, 44*i - 9315 = 41*i + r. What is the hundreds digit of i?
1
Suppose -r = -4*o + 2*r + 159, -2*r + 90 = 2*o. Suppose -o = -7*j - 28. Suppose 2*x = -j*x + 16. What is the units digit of x?
4
Let h = -2625 + 8397. What is the units digit of h?
2
Let g(r) be the third derivative of r**6/120 - r**5/20 + r**4/3 + 13*r**3/6 - 5*r**2 - 35. What is the thousands digit of g(13)?
1
Let i(j) = 178*j + 993. What is the tens digit of i(5)?
8
Suppose 0 = -2*h + 3*n - 1327, 2*h - 31*n = -35*n - 1362. Let y = -601 - h. What is the tens digit of y?
7
Suppose 322*u - 335*u + 61932 = 0. What is the units digit of u?
4
Suppose 147*u - 73*u = 66*u + 210432. What is the ten thousands digit of u?
2
Let l be 28*5 - (1 + -1). Suppose -17*r + 12*r = -4*y + 349, 5*y - 449 = 2*r. Let g = l - y. What is the tens digit of g?
4
Suppose -2*k + 2*j + 24 = -50, 0 = 3*k - 5*j - 105. Let n = -58 + k. Let q(x) = x + 45. What is the tens digit of q(n)?
2
Suppose 16 + 0 = 4*a. Suppose -w = a*y - 0*y - 400, y + 3*w = 100. Suppose -3*z = 4*g + z - 300, y = g - 4*z. What is the tens digit of g?
8
Suppose 0 = 28*q + q + 487243 - 1585531. What is the ten thousands digit of q?
3
Suppose 6*d + 10*d = 5*d + 39490. What is the tens digit of d?
9
Let b(r) be the second derivative of r**5/10 - 2*r**4/3 - r**3 + 29*r**2 + 71*r. What is the tens digit of b(8)?
2
Let z(u) = u**3 + 13*u**2 + u + 16. Let l(t) = -t**3 - 2*t**2 + 8*t - 12. Let m be l(-4). What is the units digit of z(m)?
8
Let v(z) = 3802*z + 4116. What is the ten thousands digit of v(21)?
8
Let y(r) be the second derivative of 0 + 14/3*r**3 - 33/2*r**2 + 50*r. What is the tens digit of y(5)?
0
Let i = 17 + -17. Suppose 0 = j - 4 - i. What is the tens digit of 0 + (2 - (j + -94))?
9
Let q(z) = z**3 - 2*z**2 - z + 1. Let f be q(3). Suppose -21*b + 23*b - 142 = 0. What is the tens digit of f + -5 - (2 - b)?
7
Let z(n) = n**2 + 16*n - 17. Let r be z(-10). What is the hundreds digit of (-21)/(-9)*r*(2 - 5)?
5
Suppose w = -5*l + 25, 0*w = -w + 2*l + 4. Suppose w*a - 577 = 623. Suppose -383 = -n - a. What is the tens digit of n?
6
Let i(r) = r**3 - 11*r**2 - 15*r + 41. Let u be i(12). Suppose 0 = 4*d - 4*a - 276, -5*d + d + u*a + 276 = 0. What is the tens digit of d?
6
Let f(m) be the second derivative of 29*m**4/12 - 11*m**3/6 + 17*m**2/2 + 97*m. What is the units digit of f(4)?
7
Let y = 356 + -329. Let b = y - -68. What is the tens digit of b?
9
Let k be (0 - 8)*((-5)/20 - 0). Suppose -5*j + 3292 = -b, -k*j - 2*b = -3*j + 662. What is the hundreds digit of j?
6
Let x be (6/4 - 4)/(2/4). Let l be 139/((-5)/50*x). Let h = 414 - l. What is the units digit of h?
6
Let b = -172 - -160. What is the tens digit of -56*(b/(-6))/(-2)?
5
Let u(q) = 30 + 4*q**2 - 151*q - 6 - 5 + 21. What is the units digit of u(38)?
8
What is the thousands digit of 65396*38/532 - (-8)/(-7)?
4
Let d = -32 - -27. Let v be (-72)/(-90)*d/(-2). Suppose -x - v*x = -459. What is the tens digit of x?
5
Let g(l) = 17*l**2 - 91*l - 1192. What is the thousands digit of g(-13)?
2
Let c(z) = 4*z - 15. Suppose 0 = -3*d - 15 + 30. Let v be c(d). Suppose 4*g - l - 52 = 0, -5*g - l + v*l + 54 = 0. What is the units digit of g?
4
Let t = 23 + -20. Suppose 158 = t*p - j, 18 = -5*p - 3*j + 258. Suppose u - p = 2*x + 26, 371 = 5*u + 4*x. What is the units digit of u?
5
Let t = 505 + -238. Suppose u - t = v - 679, 5*v + 2*u - 2053 = 0. Let h = v - 270. What is the hundreds digit of h?
1
Let r(z) = -34*z + 60. Let i be r(-34). Suppose 3*k + d - i = -4*d, -812 = -2*k - 2*d. What is the hundreds digit of k?
4
Let b(w) = 2*w**3 - 15*w**2 - 28*w + 52. What is the units digit of b(15)?
7
Let d = 933 + -897. What is the tens digit of d + 942 - 2/(0 - 2)?
7
Suppose -2*r - 1109 - 1079 = 0. Let l = 1627 + r. What is the hundreds digit of l?
5
Suppose 11*a = 21*a - 50. Suppose -2*r - 261 = -a*r. What is the tens digit of r?
8
What is the units digit of 6/(-2)*((-954)/(-54) + -17) - -28589?
7
Let g = 434 + 380. Suppose -2*h = -0*h - g. Sup